7?
8353, 19609
List the prime factors of 1569524233.
239, 6567047
List the prime factors of 5782051146.
2, 3, 29, 211, 157489
What are the prime factors of 575697685?
5, 115139537
What are the prime factors of 3610129319?
3610129319
What are the prime factors of 131052915?
3, 5, 7, 17, 24473
List the prime factors of 298112422.
2, 12043, 12377
List the prime factors of 3120881918.
2, 7, 11, 20265467
List the prime factors of 1043372250.
2, 3, 5, 37, 83, 151
List the prime factors of 124980709.
7, 37, 353, 1367
List the prime factors of 1807067.
1807067
List the prime factors of 28492558.
2, 29, 491251
What are the prime factors of 594353391?
3, 4013, 49369
List the prime factors of 3056547439.
11, 643, 432143
What are the prime factors of 14892331?
443, 33617
List the prime factors of 323445261.
3, 73, 1476919
What are the prime factors of 11155479?
3, 1117, 3329
List the prime factors of 189803272.
2, 23725409
What are the prime factors of 178544872?
2, 11, 31, 65449
What are the prime factors of 1907666272?
2, 19, 3137609
What are the prime factors of 187464647?
4801, 39047
List the prime factors of 33186776.
2, 7, 592621
List the prime factors of 135774026.
2, 67, 1013239
What are the prime factors of 344792004?
2, 3, 28732667
List the prime factors of 63917980.
2, 5, 7, 456557
What are the prime factors of 214935896?
2, 7, 17, 31, 7283
What are the prime factors of 171448377?
3, 29, 67, 439
List the prime factors of 50897623.
7, 1038727
What are the prime factors of 866647239?
3, 83, 3480511
List the prime factors of 449009935.
5, 11, 8163817
List the prime factors of 270366849.
3, 359, 27893
List the prime factors of 25158180.
2, 3, 5, 419303
List the prime factors of 920052644.
2, 7, 79, 415937
What are the prime factors of 176147632?
2, 19, 579433
List the prime factors of 2079594381.
3, 23, 89, 397, 853
What are the prime factors of 9807287?
7, 19, 3881
What are the prime factors of 121327152?
2, 3, 1493, 1693
List the prime factors of 267709302.
2, 3, 7, 17, 124981
List the prime factors of 66506845.
5, 13301369
List the prime factors of 1735557002.
2, 37, 23453473
What are the prime factors of 736858783?
181, 4071043
List the prime factors of 162348209.
31, 5237039
What are the prime factors of 116321903?
116321903
What are the prime factors of 43538195?
5, 23, 378593
What are the prime factors of 164685656?
2, 1039, 19813
What are the prime factors of 6050604635?
5, 37, 73, 448027
List the prime factors of 34363359.
3, 141413
What are the prime factors of 8344796?
2, 2086199
What are the prime factors of 2924396633?
431, 631, 10753
What are the prime factors of 294277747?
71, 4144757
List the prime factors of 7113768.
2, 3, 37, 8011
List the prime factors of 1615872286.
2, 7, 29, 3979981
List the prime factors of 411303634.
2, 7, 281, 104551
What are the prime factors of 43532726?
2, 21766363
What are the prime factors of 694701785?
5, 31, 197, 22751
List the prime factors of 2492136.
2, 3, 34613
What are the prime factors of 708829277?
13, 54525329
List the prime factors of 6898478.
2, 3449239
What are the prime factors of 201970458?
2, 3, 233, 48157
What are the prime factors of 274630722?
2, 3, 59, 67, 11579
What are the prime factors of 53848624?
2, 3365539
What are the prime factors of 97411314?
2, 3, 7, 11, 13, 331
What are the prime factors of 193542759?
3, 19, 1131829
List the prime factors of 75293885.
5, 31, 151, 3217
List the prime factors of 929047050.
2, 3, 5, 23, 29921
List the prime factors of 167687534.
2, 7, 11977681
List the prime factors of 251243112.
2, 3, 10468463
List the prime factors of 2034355024.
2, 13, 9780553
What are the prime factors of 29638746?
2, 3, 19, 79, 1097
What are the prime factors of 73047178?
2, 36523589
List the prime factors of 1150937946.
2, 3, 63940997
List the prime factors of 167889494.
2, 83944747
List the prime factors of 97717717.
17, 613, 9377
List the prime factors of 1142206090.
2, 5, 19, 61, 139, 709
What are the prime factors of 82098677?
19, 59, 73237
What are the prime factors of 1071079283?
317, 3378799
List the prime factors of 41501839.
31, 59, 22691
List the prime factors of 49602695.
5, 9920539
What are the prime factors of 194044585?
5, 7, 73, 173, 439
List the prime factors of 136843519.
173, 791003
What are the prime factors of 36002805?
3, 5, 2400187
List the prime factors of 32041982.
2, 7, 557, 587
What are the prime factors of 4692289000?
2, 5, 7, 17, 43, 131
What are the prime factors of 255591765?
3, 5, 11, 13, 39719
What are the prime factors of 13922559?
3, 7, 223, 991
What are the prime factors of 416015216?
2, 26000951
List the prime factors of 154246197.
3, 7, 7345057
What are the prime factors of 814112094?
2, 3, 23, 5899363
What are the prime factors of 758206974?
2, 3, 7, 67, 269441
What are the prime factors of 38674592?
2, 11, 17, 23, 281
List the prime factors of 633318561.
3, 17, 31, 47, 947
What are the prime factors of 3352817934?
2, 3, 223, 92809
What are the prime factors of 56799892?
2, 19, 523, 1429
What are the prime factors of 2516898111?
3, 7, 13, 367, 25121
List the prime factors of 144394159.
7, 13, 421, 3769
What are the prime factors of 967773532?
2, 11, 197, 311, 359
List the prime factors of 561375226.
2, 1447, 193979
What are the prime factors of 67891371?
3, 22630457
What are the prime factors of 921110054?
2, 460555027
What are the prime factors of 470417869?
470417869
List the prime factors of 6014912792.
2, 7, 101, 1063457
What are the prime factors of 1035593206?
2, 47, 11016949
What are the prime factors of 18039845?
5, 3607969
List the prime factors of 2634009.
3, 7, 125429
List the prime factors of 47778644.
2, 11944661
What are the prime factors of 658380937?
9323, 70619
What are the prime factors of 50906729?
6619, 7691
List the prime factors of 410648364.
2, 3, 7, 1629557
List the prime factors of 633250573.
633250573
List the prime factors of 23350381.
523, 44647
List the prime factors of 391690727.
17, 107, 349, 617
What are the prime factors of 594364050?
2, 3, 5, 7, 188687
What are the prime factors of 38242351?
7, 43, 127051
What are the prime factors of 113587378?
2, 67, 521, 1627
What are the prime factors of 172494581?
7, 29, 849727
List the prime factors of 60956329.
7, 487, 17881
List the prime factors of 57975130.
2, 5, 197, 29429
What are the prime factors of 4603312639?
27919, 164881
What are the prime factors of 6488558?
2, 1559, 2081
List the prime factors of 3453924764.
2, 863481191
What are the prime factors of 36467909?
36467909
What are the prime factors of 2817367685?
5, 11, 41, 71, 17597
What are the prime factors of 1768532177?
397, 4454741
List the prime factors of 4468980720.
2, 3, 5, 809, 23017
List the prime factors of 125506178.
2, 7, 167, 53681
What are the prime factors of 55673930?
2, 5, 13, 109, 3929
List the prime factors of 95534754.
2, 3, 7, 383, 5939
What are the prime factors of 4225343925?
3, 5, 11, 271, 18899
List the prime factors of 57970464.
2, 3, 603859
What are the prime factors of 217935520?
2, 5, 11, 11257
What are the prime factors of 812026542?
2, 3, 313, 432389
List the prime factors of 652683558.
2, 3, 23, 4729591
List the prime factors of 745124983.
59, 157, 257, 313
What are the prime factors of 120870996?
2, 3, 2851, 3533
What are the prime factors of 167628479?
167628479
List the prime factors of 256845086.
2, 128422543
What are the prime factors of 34885380?
2, 3, 5, 277, 2099
List the prime factors of 95136297.
3, 31712099
List the prime factors of 45216200.
2, 5, 19, 73, 163
List the prime factors of 859838382.
2, 3, 13, 31, 39511
List the prime factors of 2175507234.
2, 3, 701, 19157
List the prime factors of 584483959.
9049, 64591
List the prime factors of 4580398127.
29, 181, 872623
What are the prime factors of 354782645?
5, 7, 10136647
What are the prime factors of 57543688?
2, 31, 331, 701
List the prime factors of 273486703.
7, 19, 79, 26029
What are the prime factors of 170092086?
2, 3, 28348681
What are the prime factors of 167959046?
2, 3019, 27817
List the prime factors of 49534419.
3, 11, 1501043
What are the prime factors of 1656761175?
3, 5, 293, 8377
What are the prime factors of 59674747?
11, 37, 151, 971
What are the prime factors of 1298990736?
2